mainder when o is divided by n?
6
Let o be 159/(-23) + (-26)/299. What is the remainder when 23 is divided by ((-154)/(-33))/(3 + o/3)?
2
Suppose 19365*f - 19382*f + 2941 = 0. Calculate the remainder when 715 is divided by f.
23
Let n = -17012 + 17033. Let w(i) = 14*i + 10. Calculate the remainder when w(11) is divided by n.
17
What is the remainder when -842*(-2 - (19/(-10) + (-80)/(-200))) is divided by 162?
97
Let m be (6/4)/(17580/1952 - 9). Suppose 3*q + q = m. Suppose 0 = 3*a - 43 - 8. What is the remainder when q is divided by a?
10
Let u(z) = -12 - 7 + 2 + 2*z + 0*z. What is the remainder when 41 - (4 - (2 + 0)) is divided by u(12)?
4
Let s = -19440 - -19582. Let u(b) = b**3 + 9*b**2 + 10*b + 8. What is the remainder when s is divided by u(-7)?
34
Suppose 41283 = -90*c + 189*c. Calculate the remainder when c is divided by 18.
3
Suppose 0 = 2*b + 4*w - 570, 5*b - 263 - 1120 = 4*w. Suppose -6*x + 290 = -4*g, -g - 47 = -x + 2. What is the remainder when b is divided by x?
44
Suppose 4*m + v = 5544, -2*v + 4158 = -16*m + 19*m. What is the remainder when m is divided by 16?
10
Suppose 283*d = 265*d + 1008. Calculate the remainder when d is divided by 21.
14
Suppose -6*z - 4*j = -2*z - 1472, -2*z = -3*j - 721. Suppose z = 6*t - 13. Let o = 69 - t. What is the remainder when 22 is divided by o?
4
Calculate the remainder when 412 is divided by (34/(-51))/((-4)/(-54)*-1).
7
Suppose 287*o + 2206 = 30045. Calculate the remainder when o is divided by 11.
9
Suppose 77*c - 1119 - 1227 + 806 = 0. What is the remainder when 318 is divided by c?
18
Let f(y) = y**3 + 4*y**2 + 17. Let r be f(-5). Let u = 15 + r. Suppose -20 = -5*v, v - 16 = 2*k - 5*k. Calculate the remainder when u is divided by k.
3
Suppose -41*m = -8*m - 68211. What is the remainder when m is divided by 23?
20
Let a = 123 + -210. Let m = a - -152. What is the remainder when 257 is divided by m?
62
Suppose -3*v + 60 = -99. What is the remainder when v is divided by (12 + -32 + -9)/(8/(-8))?
24
Suppose s + 72 = 2*j + 2*j, -4*j + 3*s + 80 = 0. Let u be -6*((-6)/(-15))/((-204)/425). What is the remainder when j is divided by 20/(-10) + u + (6 - -1)?
7
Let i(x) = 3*x + 9. Let o = -7 + 26. Suppose 2*p = 5*b - o, 2*b + 16 = -2*p + 6*b. Calculate the remainder when 42 is divided by i(p).
0
Suppose 2*u + 469 = 20*y - 19*y, -5*u = -y + 451. Calculate the remainder when y is divided by 463.
18
Let w(j) = -10*j**2 - 423*j - 67. Let z(m) = 9*m + 13. Let t(b) = 13*b + 19. Let v(o) = 5*t(o) - 7*z(o). What is the remainder when w(-42) is divided by v(4)?
11
Let r(m) = -m**3 + 2*m**2 + 6*m - 1. Let k be r(-3). Suppose -k*b + 17*b + 747 = 0. What is the remainder when b is divided by 76?
7
Suppose 68*g - 43809 - 19091 = 0. What is the remainder when g is divided by 249?
178
Suppose 42*y - 34*y - 6096 = 0. Let w = -752 + y. What is the remainder when 18 is divided by w?
8
What is the remainder when 95 is divided by 34 - 0 - ((-660)/(-594) - (-52)/18)?
5
Let k = -19594 + 19656. Calculate the remainder when 1359 is divided by k.
57
Let g be 1 + (-1 + 0)/(-1). What is the remainder when (-2660)/(-21280) + (359/(-8))/(-1) is divided by -2 - (g - 2*10)?
13
Suppose 5*l + 0*v - 175 = -5*v, -3*l - 4*v = -102. Let s = l + -14. What is the remainder when s is divided by 14?
10
Suppose 5*a + 2*o = 84, 74*o - 56 = -3*a + 70*o. What is the remainder when 3742 is divided by a?
14
Calculate the remainder when ((-492)/14)/((-3)/14) is divided by 150.
14
Let g(d) = -d**3 - 8*d**2 - 6*d + 10. Let v be g(-7). Let o(q) = 2 + q**2 - 3*q**2 - 27*q**v - 1 + 1. Calculate the remainder when 49 is divided by o(-1).
22
Let o be 22/6 + 2/(-3). Suppose 17*f + o*f - 3580 = 0. What is the remainder when f is divided by 14?
11
Let f be ((-1)/3)/(-2 + 58/30). Suppose 0 = f*v - 39*v + 2448. Calculate the remainder when 153 is divided by v.
9
Let h(x) = -x**3 - 12*x**2 + 28*x + 1. Let w be h(-14). Calculate the remainder when 110 is divided by 23*w + (21/3)/7.
14
Let h = -58 - -81. Suppose h = i + 23. Suppose i = -25*j + 26*j - 26. Calculate the remainder when j is divided by 15.
11
Suppose -5*z = -5*t - 1935, -95*z + 97*z + 3*t - 804 = 0. What is the remainder when 1183 is divided by z?
4
Suppose 7*x - 442 + 15 = 0. Let g(s) = -s**3 + 17*s**2 + 18*s + 7. What is the remainder when x is divided by g(18)?
5
Let u(l) = 6*l**2 + 2*l - 2. Let j be u(4). Suppose j = 5*r - z, 3*r - r + 5*z - 57 = 0. What is the remainder when r is divided by (-1 + -8)*(-2)/6?
0
What is the remainder when ((-50)/(-30))/((-25)/30) - -56 is divided by (12/(-14))/((-2)/28)?
6
Let g(u) = 21*u - 24 + 0*u**2 - 2*u**2 + u**2 + 2*u**2. Let x be g(-22). What is the remainder when 10 is divided by (-18)/(-8) + 11/4 + x?
1
Let x = 18642 + -18486. Calculate the remainder when 275 is divided by x.
119
Let q(j) = j + 46. Let x be q(21). Suppose -2*y - 8*d = -10*d - 46, -x = -3*y + 4*d. What is the remainder when 65 is divided by y?
15
Suppose 3*i - 291 = -57. Let u = 219 - i. What is the remainder when u is divided by 43?
12
Let u be (-11)/(-2) + 2/4. What is the remainder when -2*((-615)/30)/(-41)*-31*1 is divided by (-2)/(-6) + 100/u?
14
Let t = 130 - -66. Let h be 7/(t/(-8)) + 46/14. Suppose -56 + 53 = -h*x. Calculate the remainder when 1 is divided by x.
0
Let c(p) = 3*p**2 - 4*p - 3 + 3*p - 3*p. Let k(s) = -1002*s**2 - 3022*s + 2. What is the remainder when k(-3) is divided by c(-2)?
16
Let o = -276 - -296. Suppose -5*z + 3*k + 590 = 0, -2*k = z - 76 - 29. Suppose -z = -2*i + 43. What is the remainder when i is divided by o?
19
Suppose 0 = -5*m + 5 + 30. Let r(y) = -y**3 + 7*y**2 + 5*y - 10. What is the remainder when (3/(-2))/(1/(-37))*960/720 is divided by r(m)?
24
Suppose 113*o - 3*m + 414 = 116*o, -5*o - 2*m + 711 = 0. Let u(x) = -6*x**3 - 2*x**2 + 2*x + 1. What is the remainder when o is divided by u(-2)?
34
Let h(o) = 43 + o + 30 + 51 - 100. Calculate the remainder when 284 is divided by h(17).
38
Let o be 88 - 0/(15/(-3)). Suppose -4*v = 2*g - o, -4*v - 127 + 25 = -3*g. Calculate the remainder when g is divided by 2/(-2)*(-4 + -6).
8
Suppose 55*j - 49*j - 186 = 0. Suppose j*q + 398 - 1018 = 0. Calculate the remainder when 139 is divided by q.
19
Suppose 6 = -12*q + 14*q. Suppose -4*n = q*j, -4 = -4*j - 3*n - n. Suppose k = -2*v - k + 76, 5*v = -j*k + 194. Calculate the remainder when v is divided by 16.
10
Let p(b) = -72*b + 1947. Calculate the remainder when 1048 is divided by p(26).
73
Let d = -72 - -74. Suppose 4*b = w + d*w - 23, -4*b = w + 3. Suppose -3*l = -w - 73. What is the remainder when l is divided by 9?
8
Let r(s) = 9*s**2 - 150*s + 743. Calculate the remainder when r(5) is divided by 45.
38
Suppose 18*b + 2539 = 2719. What is the remainder when 927 is divided by b?
7
Suppose -454*w + 475*w - 609 = 0. Let k be (55/(-10))/(2/(-48)). Let d = k - 76. Calculate the remainder when d is divided by w.
27
Let b = -222 - -326. Let j = -205 + b. Let s = j + 134. Calculate the remainder when 122 is divided by s.
23
Let b be 1 + (8/(-12))/(2/3). Suppose 5*x - 135 = -b*x. Calculate the remainder when 73 is divided by x.
19
Suppose 7906 = -149*z + 267*z. What is the remainder when 590 is divided by z?
54
Let w(u) = -u**3 + u**2 + 5*u + 3. Let o be w(-2). Suppose -65 = -o*x + 30*v - 29*v, 2*v = x - 13. Let l = 15 - 8. What is the remainder when x is divided by l?
6
Let j be (-3)/2*4/(-3). Let v(s) = s**3 - 8*s + 14. Let u be v(3). Suppose -j*m = -1 - u. Calculate the remainder when 17 is divided by m.
8
Let l(q) = -3*q**3 - 5*q**2 - 332*q - 1335. Let k(r) = -7*r - 10. What is the remainder when l(-4) is divided by k(-9)?
52
Let l = 116 + -122. Let b(u) = -u**3 - 8*u**2 - 11*u + 8. Let j be b(l). Calculate the remainder when 54 is divided by 3/j*(-1 - -11).
9
Calculate the remainder when 1061 is divided by 29/(-4)*54*12/(-9).
17
Let c be ((-4)/10)/(-2*5/2150). Let z = c - 25. What is the remainder when 121 is divided by z?
60
Let w be 1191/9 + (-32)/24. Let s = -49 + w. Let z = s + -59. What is the remainder when 65 is divided by z?
19
Let d(l) = -2*l**2 + 24*l + 4. Let p be d(12). Suppose w + 3 + 1 = 0, 20 = -p*m - 2*w. Calculate the remainder when 4 is divided by 0 - m - (-8 - -10).
0
Suppose 0 = 6*h - 18 + 6. Let i be (5 - 0)*h/(-4)*18. Calculate the remainde